{"id":2034,"date":"2010-05-03T08:27:01","date_gmt":"2010-05-03T13:27:01","guid":{"rendered":"http:\/\/www.marcbarriere.com\/?page_id=2034"},"modified":"2010-05-03T08:38:17","modified_gmt":"2010-05-03T13:38:17","slug":"myrtle-beach-state-park","status":"publish","type":"page","link":"https:\/\/www.marcbarriere.com\/?page_id=2034","title":{"rendered":"Myrtle Beach State Park"},"content":{"rendered":"<p>Nous sommes all\u00e9s au d\u00e9but avril 2010 au Myrtle Beach State Park en Caroline du Sud. Nous avons \u00e9t\u00e9 impressionn\u00e9s par la qualit\u00e9 de ce parc, la propret\u00e9 des lieux et des toilettes. Les routes sont pav\u00e9es. On y trouve des tentes, des roulottes de toutes tailles\u00a0 et des \u00e9normes autobus&#8230;<\/p>\n<p>On se rend \u00e0 la plage \u00e0 pied en 5 minutes. La plage est magnifique. Un sentier de marche sillonne le parc longeant la plage.<\/p>\n<p>Le bruit des avions d\u00e9collant et atterrissant de l&rsquo;a\u00e9roport tout pr\u00e8s est emb\u00eatant, mais du fait qu&rsquo;on est en for\u00eat le bruit est amorti.<\/p>\n<p>Les services sont tout pr\u00e8s. Une \u00e9picerie Lion Court \u00e0 2 minutes de l&rsquo;entr\u00e9e du parc, des Walmart et un Costco \u00e0 moins de 20 minutes. La ville de Myrtle Beach est suffisamment pr\u00e8s pour la visite mais suffisamment loin pour le maintien du calme.<br \/>\nngg_shortcode_0_placeholder<\/p>\n<p>voir aussi:<\/p>\n<ul>\n<li>\n<h5><a href=\"?p=2027\">Les Jardins Brookgreen<\/a><\/h5>\n<\/li>\n<li>\n<h5><a title=\"Permanent Link to \u2026 des oiseaux au paradis\" rel=\"bookmark\" href=\"?p=2025\">\u2026 des  oiseaux au paradis<\/a><\/h5>\n<\/li>\n<li>\n<h5><a title=\"Permanent Link to De bien belles fleurs, un avant  go\u00fbt de printemps\" rel=\"bookmark\" href=\"?p=2020\">De bien belles fleurs, un avant go\u00fbt de printemps<\/a><\/h5>\n<\/li>\n<li>\n<h5><a title=\"Permanent Link to C\u2019\u00e9taient de bien belles  vacances\" rel=\"bookmark\" href=\"?p=2016\">C\u2019\u00e9taient de bien belles vacances<\/a><\/h5>\n<\/li>\n<\/ul>\n","protected":false},"excerpt":{"rendered":"<p>Nous sommes all\u00e9s au d\u00e9but avril 2010 au Myrtle Beach State Park en Caroline du Sud. Nous avons \u00e9t\u00e9 impressionn\u00e9s par la qualit\u00e9 de ce parc, la propret\u00e9 des lieux et des toilettes. Les routes sont pav\u00e9es. On y trouve des tentes, des roulottes de toutes tailles\u00a0 et des \u00e9normes autobus&#8230; On se rend \u00e0 &hellip; <a href=\"https:\/\/www.marcbarriere.com\/?page_id=2034\" class=\"more-link\">Continuer la lecture<span class=\"screen-reader-text\"> de &laquo;&nbsp;Myrtle Beach State Park&nbsp;&raquo;<\/span><\/a><\/p>\n","protected":false},"author":1,"featured_media":0,"parent":312,"menu_order":0,"comment_status":"open","ping_status":"closed","template":"no-sidebars.php","meta":{"ngg_post_thumbnail":0,"footnotes":""},"class_list":["post-2034","page","type-page","status-publish","hentry"],"_links":{"self":[{"href":"https:\/\/www.marcbarriere.com\/index.php?rest_route=\/wp\/v2\/pages\/2034","targetHints":{"allow":["GET"]}}],"collection":[{"href":"https:\/\/www.marcbarriere.com\/index.php?rest_route=\/wp\/v2\/pages"}],"about":[{"href":"https:\/\/www.marcbarriere.com\/index.php?rest_route=\/wp\/v2\/types\/page"}],"author":[{"embeddable":true,"href":"https:\/\/www.marcbarriere.com\/index.php?rest_route=\/wp\/v2\/users\/1"}],"replies":[{"embeddable":true,"href":"https:\/\/www.marcbarriere.com\/index.php?rest_route=%2Fwp%2Fv2%2Fcomments&post=2034"}],"version-history":[{"count":0,"href":"https:\/\/www.marcbarriere.com\/index.php?rest_route=\/wp\/v2\/pages\/2034\/revisions"}],"up":[{"embeddable":true,"href":"https:\/\/www.marcbarriere.com\/index.php?rest_route=\/wp\/v2\/pages\/312"}],"wp:attachment":[{"href":"https:\/\/www.marcbarriere.com\/index.php?rest_route=%2Fwp%2Fv2%2Fmedia&parent=2034"}],"curies":[{"name":"wp","href":"https:\/\/api.w.org\/{rel}","templated":true}]}}