{"id":33,"date":"2005-03-07T22:29:10","date_gmt":"2005-03-08T03:29:10","guid":{"rendered":"http:\/\/www.barriere.info\/wordpress\/?page_id=33"},"modified":"2005-03-08T11:02:36","modified_gmt":"2005-03-08T16:02:36","slug":"de-lhiver","status":"publish","type":"page","link":"https:\/\/www.marcbarriere.com\/?page_id=33","title":{"rendered":"De l&rsquo;hiver"},"content":{"rendered":"<p align=\"center\"><img border=\"0\" SRC=\"http:\/\/www.barriere.info\/portail\/photo\/HPDR_0252.JPG\" \/> &nbsp;<\/p>\n<p align=\"center\"> Qu\u00e9bec et les Plaines glac\u00e9es sous le soleil- 9 mars 2004<\/p>\n<p align=\"center\"><img border=\"0\" SRC=\"http:\/\/www.barriere.info\/portail\/photo\/HPdr_0253.jpg\" \/><\/p>\n<p align=\"center\"><img border=\"0\" SRC=\"http:\/\/www.barriere.info\/portail\/photo\/HPdr_0257.jpg\" \/><\/p>\n<p align=\"center\"><img border=\"0\" SRC=\"http:\/\/www.barriere.info\/portail\/photo\/scultures-quebec.JPG\" \/> &nbsp;<\/p>\n<p align=\"center\"> Scultures de glace devant le Parlement de Qu\u00e9bec &#8211; 19 f\u00e9vrier 2004<\/p>\n<p align=\"center\"><img border=\"0\" SRC=\"http:\/\/www.barriere.info\/portail\/photo\/quebec-haute-ville-basse-ville.JPG\" \/> &nbsp;<\/p>\n<p align=\"center\">Les toits de Qu\u00e9bec- 19 f\u00e9vrier 2004 <\/p>\n<p align=\"center\"><img border=\"0\" SRC=\"http:\/\/www.barriere.info\/portail\/photo\/PDR_0034.JPG\" width=\"600\" height=\"450\"\/><\/p>\n<p align=\"center\">La neige de fin janvier aux abords de l&rsquo;\u00e9cole Sophie-Barrat    <img border=\"0\" SRC=\"http:\/\/www.barriere.info\/portail\/photo\/PDR_0031.JPG\" width=\"600\" height=\"450\"\/><\/p>\n","protected":false},"excerpt":{"rendered":"<p>&nbsp; Qu\u00e9bec et les Plaines glac\u00e9es sous le soleil- 9 mars 2004 &nbsp; Scultures de glace devant le Parlement de Qu\u00e9bec &#8211; 19 f\u00e9vrier 2004 &nbsp; Les toits de Qu\u00e9bec- 19 f\u00e9vrier 2004 La neige de fin janvier aux abords de l&rsquo;\u00e9cole Sophie-Barrat<\/p>\n","protected":false},"author":1,"featured_media":0,"parent":0,"menu_order":0,"comment_status":"open","ping_status":"closed","template":"","meta":{"ngg_post_thumbnail":0,"footnotes":""},"class_list":["post-33","page","type-page","status-publish","hentry"],"_links":{"self":[{"href":"https:\/\/www.marcbarriere.com\/index.php?rest_route=\/wp\/v2\/pages\/33","targetHints":{"allow":["GET"]}}],"collection":[{"href":"https:\/\/www.marcbarriere.com\/index.php?rest_route=\/wp\/v2\/pages"}],"about":[{"href":"https:\/\/www.marcbarriere.com\/index.php?rest_route=\/wp\/v2\/types\/page"}],"author":[{"embeddable":true,"href":"https:\/\/www.marcbarriere.com\/index.php?rest_route=\/wp\/v2\/users\/1"}],"replies":[{"embeddable":true,"href":"https:\/\/www.marcbarriere.com\/index.php?rest_route=%2Fwp%2Fv2%2Fcomments&post=33"}],"version-history":[{"count":0,"href":"https:\/\/www.marcbarriere.com\/index.php?rest_route=\/wp\/v2\/pages\/33\/revisions"}],"wp:attachment":[{"href":"https:\/\/www.marcbarriere.com\/index.php?rest_route=%2Fwp%2Fv2%2Fmedia&parent=33"}],"curies":[{"name":"wp","href":"https:\/\/api.w.org\/{rel}","templated":true}]}}